e i(-56).
-30
Let m(j) = -4*j**2 + 455*j - 3779. What is m(9)?
-8
Let a(t) = -2436*t - 494463. What is a(-203)?
45
Let w(b) = -33*b**3 + 337*b**2 - 13*b + 73. Calculate w(10).
643
Let g(z) = -139*z - 516. Calculate g(-4).
40
Let w(v) = 28*v**2 - 1247*v - 1246. Calculate w(-1).
29
Let l(n) = 5*n**2 + 555*n - 24654. What is l(-145)?
-4
Let y(w) = 3*w**3 - 114*w**2 + 1074*w + 36. Give y(20).
-84
Let c(t) = -676*t + 2144. What is c(3)?
116
Let g(j) = -6*j**2 - 9385*j + 75464. Calculate g(8).
0
Let m(x) = x**3 + 6*x**2 - 160*x - 1132. Determine m(-12).
-76
Let m(i) = i**2 + 160*i + 2532. Give m(-27).
-1059
Let n(k) = -k**2 - 390*k + 21103. Give n(48).
79
Let g(a) = a**3 + 19*a**2 - 216*a - 1126. Calculate g(-19).
2978
Let f(r) = r**2 - 591*r - 105826. What is f(-144)?
14
Let w(o) = 70*o**2 + 1025*o + 3426. What is w(-9)?
-129
Let v(k) = -5*k**3 + 14*k**2 - 15*k - 175. Determine v(9).
-2821
Let x(v) = 3*v**2 + 719*v + 40870. What is x(-147)?
4
Let r(m) = -3563*m - 10637. Calculate r(-3).
52
Let g(t) = t**3 - 78*t**2 + 1219*t - 8324. Calculate g(60).
16
Let o(n) = -n**2 + 67*n - 970. Give o(25).
80
Let q(t) = 21*t**2 - 1461*t + 7186. Calculate q(5).
406
Let k(b) = -55320*b + 221105. Determine k(4).
-175
Let f(k) = 2*k**2 - 23*k + 247. Determine f(20).
587
Let y(a) = -a**2 + 364*a - 5497. Determine y(16).
71
Let l(b) = -178*b**2 + 62*b + 177. What is l(-3)?
-1611
Let n(v) = v**2 + 41839*v + 125508. What is n(-3)?
0
Let z(d) = -d**2 - 15128*d. What is z(0)?
0
Let q(m) = -4180*m - 13073. What is q(-3)?
-533
Let q(i) = -i**3 - 28*i**2 - 306*i - 5745. Determine q(-25).
30
Let g(r) = -1033*r + 55190. Calculate g(53).
441
Let h(x) = 3*x**3 - 38*x**2 - 236*x + 3115. Determine h(12).
-5
Let v(c) = -c**2 - 114*c + 6433. Give v(43).
-318
Let c(m) = -564*m - 17534. Calculate c(-31).
-50
Let w(l) = 1108*l - 27467. Give w(25).
233
Let q(p) = -13896*p + 1181165. Determine q(85).
5
Let h(r) = 5515*r - 893458. What is h(162)?
-28
Let k(s) = 8*s**3 - 5*s**2 + 7*s - 3. Determine k(2).
55
Let u(z) = 3*z**3 - 958*z**2 + 8692*z - 3731. What is u(310)?
-11
Let f(p) = 1436*p**2 - 2748*p - 281. Calculate f(2).
-33
Let b(v) = -v**2 - 933*v - 7345. Give b(-8).
55
Let c(u) = 52096*u - 468872. Determine c(9).
-8
Let w(x) = 750*x - 1929. Give w(2).
-429
Let z(u) = u**2 - 18*u - 169. What is z(34)?
375
Let q(u) = -43*u - 3046. Determine q(-71).
7
Let j(i) = -i**3 + 136*i**2 + 1293*i + 1040. Determine j(145).
-700
Let x(m) = -m**3 - 148*m**2 + 8440*m - 1504. Calculate x(-192).
32
Let w(t) = -248*t + 101654. What is w(410)?
-26
Let q(x) = -x**2 + 380*x - 23355. Calculate q(303).
-24
Let p(b) = -16*b**2 + 2480*b + 6. What is p(155)?
6
Let x(b) = -37*b**3 - 523*b**2 - 556*b - 131. Give x(-13).
-1
Let l(o) = o**3 - 180*o**2 + 1700*o - 41. Determine l(170).
-41
Let l(t) = -t**3 - 685*t + 3538. What is l(5)?
-12
Let z(o) = -2*o**2 + 61*o - 323. Give z(46).
-1749
Let z(v) = 6*v**2 + 1078*v - 45075. Calculate z(35).
5
Let r(s) = -13*s**3 + 305*s**2 - 1837*s - 19. Give r(8).
-1851
Let g(f) = -f**2 - 17083*f - 187684. Determine g(-11).
108
Let p(l) = 78*l**2 - 33*l + 233. Give p(6).
2843
Let a(u) = -907*u + 63075. Determine a(70).
-415
Let g(t) = 2*t**3 + 28*t**2 + 33*t - 291. Determine g(-6).
87
Let x(j) = -86*j**2 + 295*j + 588. What is x(-2)?
-346
Let b(n) = n**2 + 7288*n + 72798. Determine b(-10).
18
Let d(x) = 520*x - 22312. Determine d(43).
48
Let z(q) = 14*q**3 - 91*q**2 + 239*q - 3252. Calculate z(8).
4
Let d(o) = -925*o + 41118. Determine d(42).
2268
Let s(t) = -1320*t - 23637. Determine s(-18).
123
Let y(j) = -5989*j + 1820658. Give y(304).
2
Let r(p) = -183258*p - 2565628. Give r(-14).
-16
Let w(l) = -4*l**3 - 2640*l**2 + 2627*l - 11253. Determine w(-661).
-16
Let b(f) = -f**3 - 96*f**2 + 1634*f - 3443. Give b(-111).
-2
Let x(u) = 28*u + 1642. Give x(-80).
-598
Let y(c) = -2*c**3 - 219*c**2 - 546*c - 1178. Give y(-107).
-1
Let r(c) = 4*c**2 - 4915*c - 520084. What is r(-98)?
2
Let a(p) = -5*p**2 + 108*p - 206. Determine a(2).
-10
Let c(t) = 166*t**2 - 4817*t - 68. What is c(29)?
-155
Let o(z) = -22643*z - 6317419. Give o(-279).
-22
Let w(a) = -a**3 - 62*a**2 + 4562*a + 119719. Determine w(-22).
-5
Let p(q) = 2*q**3 - 44*q**2 - 1928*q - 6378. Calculate p(45).
12
Let u(g) = 4*g**3 + 114*g**2 - 113*g - 1482. Give u(-29).
113
Let c(b) = 7*b**2 - 1979*b + 9866. What is c(5)?
146
Let y(l) = 11*l**3 - 22*l - 974. What is y(0)?
-974
Let i(v) = -4*v**3 - 76*v**2 + 75*v - 146. Give i(-19).
-1571
Let n(k) = -46*k**3 + 375*k**2 - 23*k - 30. What is n(8)?
234
Let z(t) = -3*t**3 - 183*t**2 - t - 46. Calculate z(-61).
15
Let a(u) = 49*u**2 + 4925*u + 58. What is a(-100)?
-2442
Let l(q) = -14*q - 1612. Give l(-60).
-772
Let d(p) = p**2 + 1065*p + 257142. Give d(-370).
-8
Let b(f) = -561*f**2 - 1657*f - 1078. Calculate b(-2).
-8
Let o(b) = -7151*b - 28596. Determine o(-4).
8
Let a(k) = -212*k - 2667. Give a(-14).
301
Let t(n) = -2*n**3 + 5*n**2 + 66*n - 113. What is t(-7)?
356
Let p(w) = -633*w**2 - 2410*w - 1772. Determine p(-1).
5
Let q(s) = 8*s**3 - 18*s**2 - 34*s + 201. Determine q(8).
2873
Let h(q) = 4*q**2 + 1660*q - 1035575. Determine h(-757).
1
Let g(n) = -n**2 + 13197*n - 3338260. Give g(258).
2
Let n(v) = v**2 + 937*v + 59905. What is n(-69)?
13
Let t(y) = y**3 + 15*y**2 + 749*y + 11224. Calculate t(-15).
-11
Let f(m) = 48*m + 4292. Determine f(-48).
1988
Let p(l) = 12*l**2 + 16*l - 1543. Give p(-12).
-7
Let h(f) = -154*f + 3710. Give h(20).
630
Let k(r) = -1990*r + 25921. Determine k(13).
51
Let m(a) = 2*a**2 + 12162*a + 3358788. Calculate m(-290).
8
Let n(i) = 3*i**3 - 18*i**2 + 4*i + 13. Give n(8).
429
Let s(t) = -31329*t - 187669. Determine s(-6).
305
Let c(s) = s**2 + 817*s - 10839. Give c(13).
-49
Let w(x) = -5*x**2 - 1101*x - 20965. Determine w(-21).
-49
Let v(q) = 229*q + 76192. Calculate v(-334).
-294
Let u(n) = 106*n**2 - 425*n + 937. What is u(2)?
511
Let g(z) = -6*z**2 + 799*z - 75. Determine g(133).
58
Let n(g) = 41*g**2 + 3816*g + 11489. Determine n(-3).
410
Let z(t) = t**3 - 3183*t**2 + 38054*t - 5. Calculate z(12).
19
Let p(c) = 55*c**2 + 71*c - 1762. Give p(-8).
1190
Let s(t) = 2767*t - 1344852. Calculate s(486).
-90
Let l(g) = 48328*g + 5. Calculate l(0).
5
Let y(k) = -16504*k + 198031. Give y(12).
-17
Let r(g) = 4*g**3 - 68*g**2 + 19*g - 272. Determine r(17).
51
Let x(w) = 2610*w + 33966. Calculate x(-13).
36
Let h(j) = 5*j**2 + 402*j - 258. Determine h(-81).
-15
Let u(i) = -22*i + 4691. Give u(231).
-391
Let k(m) = 4*m**2 - 86*m + 504. Give k(14).
84
Let z(n) = n**2 - 1624*n + 654996. Determine z(878).
8
Let k(x) = -14315*x + 200392. What is k(14)?
-18
Let u(h) = 2*h**3 + 39*h**2 - 143*h - 1064. Calculate u(-4).
4
Let j(b) = -b**3 - 2366*b**2 - 25895*b + 119. Determine j(-11).
9
Let b(n) = -1116*n - 20317. Give b(-18).
-229
Let s(v) = v**3 - 68*v**2 - 375*v + 1122. What is s(73)?
392
Let m(q) = 18*q**2 - 203*q + 712. Calculate m(4).
188
Let g(j) = 9633*j + 944009. Calculate g(-98).
-25
Let g(n) = -11883*n + 712964. Calculate g(60).
-16
Let h(z) = -3*z**2 + 402*z + 4820. Give h(-11).
35
Let n(p) = 3374*p - 47239. Determine n(14).
-3
Let y(h) = 27387*h + 4162825. Give y(-152).
1
Let z(x) = x**2 - 2403*x - 26489. Calculate z(-11).
65
Let q(j) = -3*j**3 + 1955*j**2 + 699*j - 30643. Give q(652).
1
Let t(y) = y**3 + 91*y**2 + 662*y - 72. Determine t(-83).
94
Let i(v) = -225*v**2 - 31960*v - 1487. Calculate i(-142).
-67
Let b(a) = -a**3 + 55*a**2 + 27*a - 1910. Give b(56).
-3534
Let c(q) = -3*q**2 + 1623*q + 60473. Determine c(-35).
-7
Let l(j) = j**2 + 1493*j + 531504. What is l(-586)?
2
Let v(t) = 457*t + 110621. What is v(-242)?
27
Let x(v) = -381973*v - 381969. Calculate x(-1).
4
Let g(v) = 52*v**2 - 154*v - 60. Determine g(3).
-54
Let m(b) = -46*b - 8634. Give m(-175).
-584
Let z(u) = -14*u**2 + 664*u - 34. Calculate z(47).
248
Let h(q) = 155*q - 16958. Determine h(110).
92
Let d(y) = -y**3 - 5*y**2 - 30238*y + 90787. Determine d(3).
1
Let v(a) = 9*a**3 - 1165*a**2 + 1666*a - 473. Give v(128).
-217
Let o(n) = 16*n**3 + 4161*n**2 + 239*n - 5467. Determine o(-260).
-7
Let x(j) = -2*j**3 - 57*j**2 + 198*j + 439. Calculate x(-32).
1271
Let k(h) = 2*h**3 + 316*h**2 + 1847*h + 514. What is k(-152)?
-2982
Let n(c) = 2*c**2 - 923*c - 20236. Determine n(-21).
29
Let p(y) = 